(0). Calculate the greatest common factor of k and d.
6
Suppose -2*q - 6 = -2*g, -3*q + 4*g - 4 = 10. Suppose -189 = p - q*p. Calculate the highest common divisor of 21 and p.
21
Suppose -3*c - 5 - 1 = 0. Suppose q = -0*q - 4*h - 28, -2*q - 32 = 2*h. Let k be (-1 - 1)*(q + c). What is the greatest common divisor of k and 70?
14
Let x = -48 - -51. Calculate the highest common divisor of 2 and x.
1
Let r(q) = -q - 3. Let b be r(-12). Let z be 1*b/3*24. What is the highest common divisor of z and 9?
9
Suppose a - 60 = -3*a. Let t(b) = b**2 - 2*b + 3. Let w be t(3). Calculate the greatest common divisor of a and w.
3
Let c be 51/(-6)*(-12)/3. What is the highest common factor of 374 and c?
34
Suppose 26 = 3*q - r, 4*q + 2*r = -0*q + 28. Calculate the highest common factor of q and 16.
8
Suppose 0*c + l = c - 11, -4*l = -3*c + 32. Calculate the greatest common factor of 108 and c.
12
Suppose -x = -2*x - 5, -3*z + 55 = x. Suppose z = t + t. Calculate the highest common divisor of 70 and t.
10
Let s be (-3)/6 - 2/(-4). Suppose 3*a - 108 = -s*a. Let q be (a/14)/(3/42). What is the greatest common divisor of q and 18?
18
Suppose -w + 2*s + 39 = -2*s, -6 = 2*s. Calculate the highest common divisor of 36 and w.
9
Let m be 28 + -6 + 4 + -1. Calculate the greatest common divisor of 5 and m.
5
Let f = 40 + -4. Let s be ((-3)/(-4))/(2/48). Calculate the highest common divisor of f and s.
18
Let g(s) = 6*s + 66. Let o be g(-9). Calculate the highest common factor of o and 66.
6
Suppose -s - 43 = -109. Calculate the highest common factor of s and 33.
33
Suppose -2*u - m = u - 47, -2*u + 43 = 3*m. Let j be 558/5 - 2/(-5). What is the highest common factor of u and j?
14
Let x be (1 - (-84)/9)/((-11)/(-33)). What is the highest common factor of 279 and x?
31
Let v = -95 - -101. Let r = -45 + 75. Calculate the highest common divisor of v and r.
6
Let q(s) = s + 15. Let u be q(-5). Calculate the highest common factor of u and 80.
10
Suppose -2*z + 18 = -4*g - 4*z, 5*g - 4*z + 3 = 0. Let p = g - -4. Calculate the highest common factor of 3 and p.
1
Let k be 1 + -1 + 2 + 5. Let z(s) = -32*s - 1. Let d be z(-2). Calculate the greatest common divisor of k and d.
7
Suppose 0 = 5*f + 7*f - 24. Calculate the highest common divisor of 5 and f.
1
Suppose -m = -2*m - 4*y - 3, 4*y = -4*m. Suppose 5 = -5*b + 20. Suppose -3*t + b = -3, -3*t = -4*i + 10. What is the greatest common factor of i and m?
1
Suppose k = -3*k. Suppose k = u - 45 - 4. Calculate the greatest common factor of 7 and u.
7
Let w = 0 + 1. Let d be -12 + (-3)/3 - w. Let g be 5*(-5)/(25/d). Calculate the highest common divisor of 98 and g.
14
Suppose f - 7 = -4*d - 3, -4*f + d + 33 = 0. Suppose -2*c + 2*m - 2 = 0, 6*c - c + m - 13 = 0. Calculate the greatest common factor of c and f.
2
Let d be 1*(-5)/((-5)/(-12)). Let q be (-11 + -1)*6/d. What is the greatest common divisor of q and 54?
6
Suppose 0 = 2*f + 239 + 151. Let j = 5 - f. What is the highest common divisor of 25 and j?
25
Suppose 0 = 2*q - d - 32 + 8, -5*q = -4*d - 66. Let x be (-1 - -3)/(-2) + q. What is the highest common divisor of x and 27?
9
Suppose a - 2*i = 0, -3*i = -3 - 3. Suppose 4*g - a = 372. Let k = g - 66. Calculate the greatest common factor of k and 7.
7
Let p be (-13)/6 - (-2)/12. Let l = 14 - p. Calculate the highest common factor of l and 48.
16
Let y = 33 - 24. What is the highest common divisor of y and 27?
9
Let r be 66/(-9)*(114/(-4) + 0). Let u = 46 + -27. What is the greatest common divisor of u and r?
19
Let d be 14/63 - (-25)/9. Suppose d*v - 277 = -88. What is the highest common factor of 21 and v?
21
Let r be 160/15 - 2/3. Let o be 354/r - (-2)/(-5). Calculate the greatest common divisor of 5 and o.
5
Let v(x) = -5*x + 1. Let o be v(-1). Suppose -3*h - 2*h + 90 = 5*t, -2*h = 3*t - 36. Suppose -3*y + h = -0*y. What is the highest common divisor of y and o?
6
Let g be 72/(-7)*((-945)/(-10))/(-9). What is the greatest common divisor of 12 and g?
12
Suppose w = -w + 18. What is the greatest common factor of 63 and w?
9
Let k(a) = a**2 - 4*a + 7. Suppose -6*c + c = -25. Let x be k(c). Let r be (x/(1 - 0))/1. Calculate the highest common factor of 8 and r.
4
Let l(d) = 14*d + 1. Let k be l(1). Suppose 0 = -3*q + k + 15. Suppose 0 = -3*p + 3*h + 45, -15 = 3*p - 4*p - h. What is the greatest common factor of q and p?
5
Let q(c) = -c**3 + 7*c**2 - 4*c - 7. Let a(n) = 2*n + 4. Let t be a(4). Let i = t + -6. Let k be q(i). What is the greatest common factor of 10 and k?
5
Let w(p) = 208*p**3 + 2*p**2 - 2*p + 1. Let a be w(1). What is the highest common divisor of a and 19?
19
Suppose -5*b + 16 + 4 = 0. Suppose 3*f - 52 = b*o, 0*f + 5*o - 75 = -5*f. What is the highest common divisor of f and 2?
2
Let a = 36 + 12. Let j be 4 + 2/(-1 + 2). Calculate the greatest common factor of j and a.
6
Let u be -3 + -1*175/(-5). Suppose 8 = -5*o + 28. Calculate the highest common factor of o and u.
4
Suppose 4*r - 5*p - 42 = 0, 2*p + 36 = 5*r + 4*p. Let g be (-1*2)/(r/(-600)). Calculate the greatest common divisor of 60 and g.
30
Suppose -18*z = -20*z + 44. Calculate the greatest common divisor of 55 and z.
11
Let t(d) = d**2 + 12*d + 11. Let m be t(-13). Calculate the highest common divisor of 24 and m.
24
Let c = -167 + 405. Suppose -5*x - o = -401, -2*x = x - 2*o - c. What is the highest common divisor of 10 and x?
10
Suppose o - 20 - 15 = 0. What is the highest common factor of 7 and o?
7
Let m = -20 + 27. Calculate the greatest common divisor of 56 and m.
7
Let m(o) = o**3 + 1. Let r be m(0). Let q(t) = -t**3 - 7*t**2 - 6*t + 7. Let d be q(-6). What is the greatest common divisor of r and d?
1
Suppose 0 = -4*i + g - 0*g + 16, -2*i + 26 = 4*g. Suppose -x = -i*x + 360. What is the greatest common factor of 60 and x?
30
Let b = -35 + 39. Calculate the highest common factor of b and 16.
4
Let g = -10 - -17. Let a(n) = n**3 - 5*n**2 - 2*n - 7. Let b be a(g). Calculate the greatest common divisor of 7 and b.
7
Let w(z) = 4*z + 35. Let v be w(0). Calculate the highest common divisor of v and 7.
7
Suppose 5*h - 23 = -3. Suppose 0*m + h*m = -4*a + 60, 3*a - 56 = -4*m. Calculate the highest common divisor of 121 and m.
11
Let m be (-2*6/(-4))/1. Let t be 8/1*3/4. What is the highest common divisor of m and t?
3
Let m be (2/(-4))/((-2)/4). Let c(z) = 16*z. Let i be c(m). Let o(n) = -n**2 + 13*n - 32. Let s be o(9). Calculate the greatest common divisor of s and i.
4
Suppose 0 = -0*q + 4*q - 48. Calculate the greatest common factor of q and 16.
4
Let n = 69 - 24. Calculate the highest common divisor of n and 18.
9
Let q be 27/5 + (-12)/30. Let b = q - 0. Calculate the highest common divisor of b and 45.
5
Suppose 5*y + 6 = -9. Let x be 3/y + 8 - -3. What is the greatest common factor of 10 and x?
10
Let m be 1 - -2 - (-101 - -1). Suppose -m = -3*o + 14. Calculate the highest common divisor of o and 26.
13
Let d(g) be the first derivative of g**2/2 + 11*g + 4. Let l(t) = -8*t - 1. Let f be l(1). Let i be d(f). Calculate the highest common divisor of 18 and i.
2
Suppose g - 3*g + 18 = 0. Suppose -g - 11 = -2*b. What is the highest common factor of b and 10?
10
Let u(f) = f**2 + 2*f. Let k be u(-3). Suppose -k*z + 4 = -11. Let x = z + 2. Calculate the greatest common divisor of x and 7.
7
Let f = 6 + 3. Suppose 3*n - 5*r = 87, -5*r + f = 3*n - 2*n. Let a = n - -16. Calculate the greatest common divisor of 100 and a.
20
Let z = -124 - -140. What is the highest common divisor of z and 8?
8
Let d(n) = -14*n + 2. Let t be d(-3). Suppose 0 = 2*v - 3*i - 31, 4*v + 3*i = 8*i + 59. Calculate the greatest common divisor of t and v.
11
Let k(a) = 3*a + 3. Suppose -15*s + 14*s = -8. Let t be k(s). Calculate the greatest common divisor of t and 18.
9
Let g be (15/9 + -1)*15. Let k be ((-36)/g)/(6/(-15)). Suppose 5*j - 5*l - 110 = 205, 4*l + 126 = 2*j. Calculate the highest common factor of k and j.
9
Suppose -4*g + 11 = q + 3, 25 = 2*q + 5*g. What is the highest common divisor of q and 110?
10
Let w be 1/2*0 - -22. Let c(u) = 3*u - 1. Let k be c(4). Calculate the greatest common factor of w and k.
11
Suppose 2*r + 2 - 24 = 0. Let x = r - 3. What is the greatest common divisor of 4 and x?
4
Let h be 6/(-15) - 10624/(-10). Suppose 3*n - h = -3*y, y - 3*n = n + 354.